.
47
What is the greatest common divisor of 1097544 and 22701?
987
Calculate the greatest common factor of 384 and 344716.
4
Calculate the highest common factor of 147442975 and 775.
775
Calculate the highest common divisor of 14 and 1075309970.
14
What is the highest common factor of 7522 and 593030719?
3761
Calculate the greatest common factor of 208 and 15969032.
8
Calculate the greatest common divisor of 11088 and 1486100.
308
What is the greatest common factor of 21303 and 23679?
27
Calculate the highest common factor of 2856 and 8236347.
357
What is the highest common divisor of 855126195 and 1155?
1155
Calculate the greatest common factor of 3911019 and 21.
21
What is the greatest common factor of 11 and 4139377?
11
What is the highest common divisor of 19387893 and 21?
21
What is the highest common divisor of 374 and 162926?
2
Calculate the highest common divisor of 255042755 and 765.
85
Calculate the highest common factor of 18313 and 473.
1
Calculate the highest common factor of 2130 and 842434170.
2130
What is the greatest common factor of 5106025 and 2338?
167
What is the highest common divisor of 18703258 and 3458?
266
Calculate the highest common factor of 72 and 2603367.
9
What is the greatest common divisor of 58190 and 25921?
529
Calculate the highest common divisor of 42248241 and 882.
441
Calculate the greatest common factor of 4818275 and 1300.
25
Calculate the greatest common divisor of 170085260 and 8300.
1660
Calculate the greatest common divisor of 397698 and 27948.
102
What is the greatest common factor of 1414483 and 1008?
7
What is the greatest common divisor of 128836185 and 10485?
3495
What is the greatest common factor of 207176 and 25114?
58
What is the greatest common factor of 880 and 26320960?
80
What is the highest common divisor of 102 and 3973818?
102
What is the highest common factor of 1296 and 10776942?
54
What is the greatest common divisor of 1278 and 122904?
18
Calculate the greatest common factor of 234 and 3006918.
18
What is the greatest common divisor of 5473 and 11139239?
421
What is the greatest common divisor of 5885 and 341?
11
Calculate the highest common divisor of 9403000 and 20.
20
Calculate the greatest common divisor of 25471419 and 2622.
1311
What is the greatest common factor of 2112 and 783824?
16
What is the greatest common divisor of 1315 and 7756659?
263
What is the highest common factor of 6889488 and 285600?
816
What is the highest common factor of 424 and 6485345?
53
What is the greatest common divisor of 13614558 and 452390?
4762
What is the highest common factor of 12814 and 10719656?
298
Calculate the greatest common divisor of 342 and 10273167.
171
Calculate the highest common factor of 3992801 and 2517.
839
Calculate the greatest common factor of 1716405 and 53265.
795
What is the highest common divisor of 564 and 1420904?
188
What is the greatest common factor of 168 and 122997?
21
Calculate the greatest common factor of 33135 and 6130.
5
What is the highest common factor of 427 and 1052886352?
427
What is the greatest common factor of 405139526 and 33?
11
What is the highest common divisor of 586285 and 6650?
35
Calculate the highest common factor of 787731 and 1071.
21
Calculate the greatest common factor of 10 and 1000912390.
10
Calculate the highest common factor of 295254 and 235.
47
What is the highest common divisor of 779 and 43338221?
19
What is the greatest common divisor of 21225 and 245?
5
Calculate the highest common divisor of 17600 and 56375.
275
What is the highest common factor of 7111612 and 607?
607
What is the highest common factor of 6408 and 23437616?
712
What is the greatest common factor of 31392 and 284652?
36
What is the greatest common divisor of 490 and 40229?
49
What is the highest common divisor of 3780 and 7935550?
70
What is the greatest common factor of 41 and 6640811?
41
What is the highest common divisor of 1355 and 5189921?
271
What is the greatest common divisor of 123098 and 20379782?
2018
Calculate the greatest common divisor of 585624 and 9480.
24
Calculate the greatest common factor of 521 and 246882623.
521
What is the highest common factor of 303 and 122810344?
101
Calculate the highest common divisor of 749650270 and 3082.
3082
What is the highest common factor of 2012 and 57557284?
2012
What is the highest common divisor of 1829 and 123975107?
1829
What is the greatest common divisor of 156 and 4208844?
12
What is the highest common factor of 13 and 915967?
13
What is the greatest common divisor of 204 and 17100045?
51
Calculate the greatest common factor of 8614 and 437603.
59
Calculate the highest common factor of 333 and 22414896.
333
Calculate the highest common divisor of 200 and 829865400.
200
What is the greatest common factor of 2050 and 716996725?
1025
What is the highest common divisor of 10415597 and 4898?
2449
Calculate the greatest common divisor of 23653 and 4662.
7
What is the highest common divisor of 34217646 and 6?
6
What is the greatest common divisor of 1461 and 72355051?
487
Calculate the highest common factor of 18857 and 24866847.
173
What is the highest common factor of 9 and 81035478?
9
Calculate the highest common factor of 80 and 42941440.
80
What is the highest common factor of 204 and 2991228?
12
What is the highest common divisor of 1629 and 10706693?
181
Calculate the greatest common divisor of 133362 and 3030042.
1434
What is the highest common factor of 83340369 and 3906?
1953
Calculate the greatest common factor of 82512 and 2253036.
2292
What is the highest common divisor of 375 and 202425?
75
Calculate the highest common factor of 2259 and 318670353.
2259
What is the greatest common divisor of 904 and 2848165?
113
Calculate the highest common factor of 240 and 185128584.
24
What is the highest common divisor of 546412 and 16?
4
What is the highest common divisor of 126094 and 32912416?
1882
Calculate the highest common factor of 180352 and 308.
4
What is the highest common divisor of 9779276 and 104?
52
What is the greatest common divisor of 5036058 and 254?
254
Calculate the highest common divisor of 795 and 6327480.
15
What is the highest common divisor of 1780764 and 19824?
12
What is the highest common factor of 349 and 2334461?
349
What is the highest common divisor of 175401 and 642883643?
19489
Calculate the highest common factor of 1211828 and 498491.
1207
Calculate the highest common divisor of 1004270 and 11890.
290
What is the greatest common divisor of 61890768 and 312?
24
What is the highest common factor of 775685 and 480?
5
What is the greatest common factor of 286352 and 240?
16
What is the highest common divisor of 14490 and 18306666?
2898
What is the highest common factor of 34785582 and 1027?
13
Calculate the greatest common factor of 37746834 and 306.
102
Calculate the highest common factor of 376 and 3188433.
47
What is the greatest common factor of 682 and 3031366?
62
Calculate the highest common factor of 208 and 2403440.
208
Calculate the highest common divisor of 1671264 and 252.
252
What is the greatest common factor of 29931 and 3729?
33
What is the greatest common factor of 1147895 and 1435?
35
Calculate the greatest common factor of 298 and 2791013317.
149
What is the highest common divisor of 451487 and 199524?
1279
What is the highest common factor of 11040840 and 1350?
270
What is the greatest common divisor of 1133 and 1523576?
103
What is the greatest common factor of 20968818 and 171?
57
Calculate the greatest common factor of 280231 and 1849.
43
What is the greatest common factor of 12762234 and 738?
738
What is the greatest common factor of 78533 and 140673?
13
What is the highest common factor of 18623814 and 99776?
3118
What is the greatest common factor of 144 and 1259936?
16
Calculate the highest common divisor of 101068 and 38951.
11
What is the greatest common factor of 6 and 2137017?
3
Calculate the highest common divisor of 37103520 and 480.
480
What is the greatest common divisor of 76277220 and 4920?
2460
Calculate the greatest common divisor of 7963103 and 24568.
3071
Calculate the highest common divisor of 1314 and 334648863.
657
Calculate the greatest common factor of 19731434 and 148.
74
What is the highest common factor of 3568 and 27384